4/8 - 28*p**3/3 - 14*p**2 - 30*p - 2. What is x(-13)?
-30
Let s = 372 - 320. Suppose -12*d - 56 = s. Let x(o) = -3*o + 9. Determine x(d).
36
Suppose 0 = 4*c - 2*l - 12, 2*c - c - 4*l - 3 = 0. Suppose 4*m = q - 3*q - 6, c*m - 3 = -3*q. Let h(n) = 6 + n**3 + n**2 - 8*n - 4*n**2 - 1. What is h(q)?
15
Let y(x) = -10 - 28 - 25 - 7*x + 60. What is y(0)?
-3
Let m(y) = -y**3 + 75*y**2 + 399*y - 6. Let g be m(-5). Let q(t) = -11*t**2 - 4*t - 3. Let u(d) = -d**2 - d. Let k(s) = -q(s) + 2*u(s). Give k(g).
10
Let g(o) = -11*o - 45*o + 300283 - 300281. Calculate g(1).
-54
Let o(f) be the first derivative of 3*f**2/2 + 53*f + 4688. Determine o(-16).
5
Let r(j) = j**2 + 3*j + 2. Suppose 10*q = 34 + 6. Suppose q*p - 221 + 229 = 0. Calculate r(p).
0
Suppose 4*a - 5*a = -3. Suppose 0 = -3*n - 3, 4*n + a + 11 = 5*d. Suppose -3*b = -4*u - d*b + 20, u - 5*b - 5 = 0. Let c(y) = 2*y - 2. Determine c(u).
8
Let c(i) = -i**2 - 5*i - 2. Let j(o) = -3*o + 3. Let m be 28 + -2 - (5 - 5). Let r = -24 + m. Let p be j(r). What is c(p)?
4
Let q(j) be the second derivative of -j**4/12 - j**3/2 + 13*j**2 - 474*j + 1. Determine q(3).
8
Let m(l) = -578*l + 33. Let a(f) = -361*f + 22. Let s(i) = 8*a(i) - 5*m(i). Calculate s(-11).
-11
Let n(s) = -5*s + 20. Let d(c) = 11*c - 31. Let l(x) = -3*d(x) - 5*n(x). Give l(-1).
1
Suppose 5*i - 1 = -3*r + 18, 0 = -4*i - 5*r + 10. Let a(u) be the third derivative of u**6/120 - u**5/10 + u**4/12 - u**3/3 - u**2 - 4*u + 25. What is a(i)?
-17
Let o(i) be the first derivative of i**2 + 2*i - 1. Let k(h) = h**2 + 32*h + 3. Suppose 66*w - 56*w = -320. Let p be k(w). Give o(p).
8
Let l(z) = -z**3 + z**2 - 4*z + 3. Let m(b) = b. Let p(u) = 2*u + 12. Let h(i) = 3*m(i) - p(i). Let d be 1 - (-7 - (-60)/(-10)). Let y be h(d). Calculate l(y).
-9
Let y(i) = -2*i**3 - 3*i**2 + 3*i - 5. Let j be y(-4). Let w = j + -57. Let a(t) = t - 3. What is a(w)?
3
Let j(i) = -22*i**3 + 6*i**2 + 2*i + 3. Let b(z) = -29*z**3 + 7*z**2 + 2*z + 3. Let l(h) = -3*b(h) + 4*j(h). Suppose -5*g - 10 = -0*g. Calculate l(g).
19
Suppose 6*g + 230 = 16*g. Let j(u) = 4 + g*u + 7 - 18*u. Calculate j(-10).
-39
Let x(r) be the third derivative of r**4/24 - 7*r**3/6 + 12*r**2. Let c(t) = 78*t + 160. Let o be c(-2). Determine x(o).
-3
Let z(d) = 16*d - 63. Let s(c) = -23*c + 57. Let m(q) = 3*s(q) + 4*z(q). Determine m(-18).
9
Let a(d) = 22*d**2 + 10. Let k(p) = 23*p**2 - p + 11. Let t(j) = -6*a(j) + 5*k(j). Let m be t(-1). Let z = 23 + m. Let u(r) = -4*r + 8. Calculate u(z).
-16
Let b(a) = -3*a + 46. Suppose -116*k = -89*k. Calculate b(k).
46
Let h(r) = 2*r**2 - 8*r - 14. Let c(z) = -2*z**2 + 9*z + 10. Let t(m) = 5*c(m) + 6*h(m). What is t(-5)?
31
Suppose 5*d - 23*k = -19*k + 7, k + 38 = -6*d. Let t(s) = 2*s**3 + 17*s**2 + 40*s + 26. What is t(d)?
1
Let g(f) = -3*f. Suppose 0 = -6*l - 0*l + 30. Suppose -4*b - 4*h + 9 = -15, 0 = -3*b - l*h + 28. Give g(b).
-3
Let g = 49 + -45. Let u(o) = -o**3 + 12*o**2 - 10*o + 2. Let v be u(11). Let x(q) = -5*q + 13*q - v*q + 0 + 6. Calculate x(g).
-14
Let d(i) = 7*i + 1117*i**2 - 107 - 1118*i**2 + 18*i. Calculate d(20).
-7
Let g(o) = o**2 + 3*o + 4. Suppose 5 = -d + 4, -3*m = -2*d - 26. Suppose m + 43 = -17*k. Determine g(k).
4
Let o(q) = 20*q - 8280*q**2 - 41*q - 3 + 8275*q**2 + q**3 + 15*q + 10*q. Let r be 2 + -2 - (0 - 2). Determine o(r).
-7
Let k be (-6)/(44/(-8) - -4). Suppose 5*l = k*f + 9, 5*l - 21 = 5*f - 4*f. Let v(i) = -l*i - i + 30 - 34. Determine v(-3).
14
Let r(t) be the second derivative of t**5/20 - 2*t**4/3 - t**3 - 25*t**2/2 - 11*t - 1. Let h be r(9). Let k(c) = -4*c - 1. Give k(h).
-9
Let u be 4/((-9)/30 + 2/(-10)). Let p be 5 + 7/(-1) - (1 + u). Let o(d) = -d**2 - 2*d + 12. Determine o(p).
-23
Let a(f) = 4*f + 9 - f - 4*f + 2*f. Let d = 12124 + -12130. Calculate a(d).
3
Let r = 350 - 241. Let y = -102 + r. Let o(u) = u**2 - 9*u - 6. Calculate o(y).
-20
Let s(f) be the third derivative of f**4/24 - 11*f**3/6 - 138*f**2 - f + 62. Let v = 12 - 0. Let a = v - 7. Give s(a).
-6
Let v(c) = c + 43. Let j(w) = -w - 58. Let b(u) = -4*j(u) - 5*v(u). Give b(0).
17
Suppose 5 = 5*q - 0. Let r(i) = i**3 + i**2 - 8*i - 5. Let t be r(-3). Let a(l) = -t - 18*l - 2*l + l**2 + 22*l. Give a(q).
2
Let q be -2*1/3 - (-75)/45. Let r = 3 - -2. Let k(h) = -2 + 3*h - r*h - q + 2. Determine k(6).
-13
Suppose 3*b + 23 = 4*c, -7*b + 6*b = -c + 6. Let y(l) = -20*l**3 - l - 2. Calculate y(b).
19
Suppose 0 = -4*y + 3*x - 49, -138*y + 134*y + 4*x = 52. Let l(w) = -29*w - 284. Give l(y).
6
Let r(y) = -2*y - 227. Let z(d) = 5*d + 530. Let u(v) = -19*r(v) - 8*z(v). Calculate u(31).
11
Let x(s) be the first derivative of -39*s**2/2 - 230*s + 4907. Give x(-6).
4
Let f(c) = c**2 - 9*c - 71. Suppose -91*v + 2019 = 654. Determine f(v).
19
Let k(v) = 1528169*v + v**2 + 1 - 1528169*v. What is k(1)?
2
Let p(b) be the first derivative of -16*b**3/3 + 127*b**2/2 + 10*b - 2077. Determine p(8).
2
Let t(j) be the second derivative of j**4/3 - j**3/2 - j**2/2 + 1860*j. Give t(-2).
21
Let u(a) = -a**3 + 7*a**2 + a - 9. Suppose -4*s + 3*q = 196, -8 - 42 = s - q. Let k(j) = j**2 + 15*j + 11. Let x be k(-10). Let z = x - s. What is u(z)?
-2
Let u(s) = -10*s + 18*s + 375 - 191 - s**2 - 204 + 2*s**2. What is u(-9)?
-11
Let b(q) = -2 + 0 + 0 - q. Let h be (105/10)/21 + 10/4. Suppose 4*k + 15 - 3 = 0, 3*z = h*k + 27. Determine b(z).
-8
Let m(i) be the third derivative of -1/60*i**5 + 0*i + 5/24*i**4 + 0 + 5/6*i**3 - i**2. Suppose -3*k - 48 = -3*d, -3*k + 177 = 3*d + 189. Determine m(d).
-1
Let i(m) = 11*m**3 - 114*m**2 + 139*m + 66. Let d(w) = -4*w**3 + 41*w**2 - 46*w - 23. Let j(v) = -8*d(v) - 3*i(v). Give j(7).
-14
Suppose -78*l + 1309 = 1309. Let q(u) = u**2 - 5*u + 3. Determine q(l).
3
Let s(a) = 4*a + 11. Let m(q) = -q + 14. Let z(t) = -6*m(t) + s(t). Give z(8).
7
Let u(h) be the first derivative of -h**6/30 + h**5/30 - h**4/12 + h**3/6 + 31*h**2/2 - 21. Let z(x) be the second derivative of u(x). What is z(1)?
-3
Suppose 5*t - 15 = 169*d - 164*d, t + 5*d = -3. Let j(k) = -6*k**2 + 3*k - 4. Let q(y) = 6*y**2 - 2*y + 3. Let b(r) = -5*j(r) - 6*q(r). Give b(t).
-28
Let q(k) = k**3 + 2*k + 2. Let z(w) = -w**2 + 7*w + 96. Let g be z(14). What is q(g)?
-10
Let q(x) be the first derivative of 2*x**3/3 + 19*x**2 - 13*x - 6899. What is q(-19)?
-13
Let n(o) = -656 + 1341 - 34*o - 518. Determine n(5).
-3
Let v = 22306 + -22303. Let u(p) = -p**3 + 2*p**2 + 7*p - 4. Give u(v).
8
Let o(g) = -23*g + 4. Suppose -31*d - 8 = 116. Give o(d).
96
Let u(w) = -18*w**2 + 6*w - 30. Let y(k) = -k**2 - 1. Let m(z) = 2*u(z) - 42*y(z). Let l(q) = 2*q**2 + 4*q - 6. Let c(g) = 8*l(g) - 3*m(g). What is c(-5)?
-24
Let a(q) = 39*q - 732. Let d(y) = 273*y - 5170. Let w(x) = 41*a(x) - 6*d(x). Give w(26).
-6
Let z(k) = -14 - 22 + 23*k + 106 - 22 - k**2 - 15. Determine z(24).
9
Let p(w) be the second derivative of -w**5/20 + w**4/4 + 17*w**3/6 + w**2 - 488*w. Calculate p(6).
-4
Let i be ((-200)/175)/(((-2)/7)/(-1)). Let g(l) = -2*l - 5 - l**2 - 4*l + 2*l. Determine g(i).
-5
Let u(q) = 8*q - 2. Let z = 317 - 310. Give u(z).
54
Suppose -2*i = 10, 15*y - 10*y - 2*i + 40 = 0. Let r(s) = 2*s**3 + 22*s**2 + 18*s - 10. Determine r(y).
10
Let q(w) = 21*w**2 + 2*w - 2. Let t(v) = 43*v**2 + 4*v - 5. Let f = 153 - 156. Let x(r) = f*t(r) + 7*q(r). What is x(-1)?
17
Let x(w) be the second derivative of 5*w**4/4 + w**3/2 + w**2 - w - 1051. Give x(-2).
56
Let l = -804 - -770. Let p be l/34 - (-1 - 5). Let k(z) = -z**3 + 6*z**2 - 7*z - 1. Determine k(p).
-11
Let c be 30/(-9)*(1 + (-2 - 2)). Let k(v) = c + 3*v**2 - 1 + 2 - v**3 - 7*v**2 - 11*v**2 - 13*v. What is k(-14)?
-3
Suppose 43 = -2*h - 5*l, 50*h - 45*h + 60 = -3*l. Let p(g) = -g**2 - 9*g + 22. Calculate p(h).
22
Let x(b) be the second derivative of -b**4/12 - 4*b**3/3 - 3*b**2 - 19143*b. Suppose -5*u - 16 = 9. What is x(u)?
9
Let i(y) = y**2 - 15*y - 178. Let q = 7246 + -7223. Give i(q).
6
Let c(d) = -d**3 - 13*d**2 + 2*d + 21. Let r = -7500 - -7487. Calculate c(r).
-5
Let m(p) be the first derivative of -p**2/2 - 7*p + 3. Let q(t) = -t - 26. Suppose 3*x + 9 + 38 = -2*f, 0 = -x - 4*f + 1. Let j be q(x). What is m(j)?
0
Let u(i) be the first derivative of -i**4/4 + i**3/3 + 3*i**2/2 - 2*i + 22. Let t(z) = -4*z - 2. Let k be t(-1). Suppose k*x + 0*x = 4. What is u(x)?
0
Let t(i) = 4*i**